{"id":313,"date":"2020-11-05T15:58:19","date_gmt":"2020-11-05T15:58:19","guid":{"rendered":"https:\/\/drgr.ch\/?page_id=313"},"modified":"2025-07-24T13:42:27","modified_gmt":"2025-07-24T13:42:27","slug":"geotechnique","status":"publish","type":"page","link":"https:\/\/drgr.ch\/?page_id=313","title":{"rendered":"G\u00e9otechnique"},"content":{"rendered":"<div class=\"wp-block-image\">\n<figure class=\"aligncenter size-large\"><img loading=\"lazy\" decoding=\"async\" width=\"1024\" height=\"683\" src=\"https:\/\/drgr.ch\/wp-content\/uploads\/2021\/08\/qoqa-1024x683.jpg\" alt=\"\" class=\"wp-image-559\" srcset=\"https:\/\/drgr.ch\/wp-content\/uploads\/2021\/08\/qoqa-1024x683.jpg 1024w, https:\/\/drgr.ch\/wp-content\/uploads\/2021\/08\/qoqa-300x200.jpg 300w, https:\/\/drgr.ch\/wp-content\/uploads\/2021\/08\/qoqa-768x512.jpg 768w, https:\/\/drgr.ch\/wp-content\/uploads\/2021\/08\/qoqa.jpg 1200w\" sizes=\"auto, (max-width: 1024px) 100vw, 1024px\" \/><\/figure>\n<\/div>\n\n\n<p class=\"has-text-align-center wp-block-paragraph\"><em>AF20-0103 : Dimensionnement des fondation des grues et de la centrale \u00e0 b\u00e9ton <\/em><br><em>avec dimensionnement des socles<\/em><\/p>\n\n\n\n<figure class=\"wp-block-image size-large\"><img loading=\"lazy\" decoding=\"async\" width=\"1024\" height=\"14\" src=\"https:\/\/drgr.ch\/wp-content\/uploads\/2020\/11\/separateur-1024x14.jpg\" alt=\"\" class=\"wp-image-342\" srcset=\"https:\/\/drgr.ch\/wp-content\/uploads\/2020\/11\/separateur-1024x14.jpg 1024w, https:\/\/drgr.ch\/wp-content\/uploads\/2020\/11\/separateur-300x4.jpg 300w, https:\/\/drgr.ch\/wp-content\/uploads\/2020\/11\/separateur-768x10.jpg 768w, https:\/\/drgr.ch\/wp-content\/uploads\/2020\/11\/separateur-1536x20.jpg 1536w, https:\/\/drgr.ch\/wp-content\/uploads\/2020\/11\/separateur-2048x27.jpg 2048w\" sizes=\"auto, (max-width: 1024px) 100vw, 1024px\" \/><\/figure>\n\n\n\n<div class=\"wp-block-group\"><div class=\"wp-block-group__inner-container is-layout-flow wp-block-group-is-layout-flow\">\n<figure class=\"wp-block-gallery has-nested-images columns-default is-cropped wp-block-gallery-1 is-layout-flex wp-block-gallery-is-layout-flex\">\n<figure class=\"wp-block-image size-large\"><img loading=\"lazy\" decoding=\"async\" width=\"729\" height=\"419\" data-id=\"460\" src=\"https:\/\/drgr.ch\/wp-content\/uploads\/2020\/11\/Tuileries3-1.jpg\" alt=\"\" class=\"wp-image-460\" srcset=\"https:\/\/drgr.ch\/wp-content\/uploads\/2020\/11\/Tuileries3-1.jpg 729w, https:\/\/drgr.ch\/wp-content\/uploads\/2020\/11\/Tuileries3-1-300x172.jpg 300w\" sizes=\"auto, (max-width: 729px) 100vw, 729px\" \/><\/figure>\n\n\n\n<figure class=\"wp-block-image size-large\"><img loading=\"lazy\" decoding=\"async\" width=\"223\" height=\"167\" data-id=\"320\" src=\"https:\/\/drgr.ch\/wp-content\/uploads\/2020\/11\/geotechnique2.jpg\" alt=\"\" class=\"wp-image-320\"\/><\/figure>\n\n\n\n<figure class=\"wp-block-image size-large\"><img loading=\"lazy\" decoding=\"async\" width=\"223\" height=\"167\" data-id=\"321\" src=\"https:\/\/drgr.ch\/wp-content\/uploads\/2020\/11\/geotechnique3.jpg\" alt=\"\" class=\"wp-image-321\"\/><\/figure>\n\n\n\n<figure class=\"wp-block-image size-large\"><img loading=\"lazy\" decoding=\"async\" width=\"454\" height=\"340\" data-id=\"319\" src=\"https:\/\/drgr.ch\/wp-content\/uploads\/2020\/11\/geotechnique.jpg\" alt=\"\" class=\"wp-image-319\" srcset=\"https:\/\/drgr.ch\/wp-content\/uploads\/2020\/11\/geotechnique.jpg 454w, https:\/\/drgr.ch\/wp-content\/uploads\/2020\/11\/geotechnique-300x225.jpg 300w\" sizes=\"auto, (max-width: 454px) 100vw, 454px\" \/><\/figure>\n<\/figure>\n<\/div><\/div>\n\n\n\n<p class=\"has-text-align-center wp-block-paragraph\">AF17-0060 : <em>R\u00e9alisation d\u2019une excavation de 10 m\u00e8tres par paliers avec des marches en terrain renforc\u00e9 (avec du ciment) au lieu d\u2019une grande paroi ancr\u00e9e en profitant d\u2019une moraine sablo-graveleuse et <\/em><em>en r\u00e9utilisant les mat\u00e9riaux en place<\/em><\/p>\n\n\n\n<figure class=\"wp-block-image size-large\"><img loading=\"lazy\" decoding=\"async\" width=\"1024\" height=\"14\" src=\"https:\/\/drgr.ch\/wp-content\/uploads\/2020\/11\/separateur-1024x14.jpg\" alt=\"\" class=\"wp-image-342\" srcset=\"https:\/\/drgr.ch\/wp-content\/uploads\/2020\/11\/separateur-1024x14.jpg 1024w, https:\/\/drgr.ch\/wp-content\/uploads\/2020\/11\/separateur-300x4.jpg 300w, https:\/\/drgr.ch\/wp-content\/uploads\/2020\/11\/separateur-768x10.jpg 768w, https:\/\/drgr.ch\/wp-content\/uploads\/2020\/11\/separateur-1536x20.jpg 1536w, https:\/\/drgr.ch\/wp-content\/uploads\/2020\/11\/separateur-2048x27.jpg 2048w\" sizes=\"auto, (max-width: 1024px) 100vw, 1024px\" \/><\/figure>\n\n\n<div class=\"wp-block-image\">\n<figure class=\"aligncenter size-large\"><img loading=\"lazy\" decoding=\"async\" width=\"904\" height=\"423\" src=\"https:\/\/drgr.ch\/wp-content\/uploads\/2020\/11\/grue-1.jpg\" alt=\"\" class=\"wp-image-440\" srcset=\"https:\/\/drgr.ch\/wp-content\/uploads\/2020\/11\/grue-1.jpg 904w, https:\/\/drgr.ch\/wp-content\/uploads\/2020\/11\/grue-1-300x140.jpg 300w, https:\/\/drgr.ch\/wp-content\/uploads\/2020\/11\/grue-1-768x359.jpg 768w\" sizes=\"auto, (max-width: 904px) 100vw, 904px\" \/><\/figure>\n<\/div>\n\n\n<p class=\"has-text-align-center wp-block-paragraph\">AF20-0113 : <em>Analyse de fondation de grue, fondation de la centrale \u00e0 b\u00e9ton <\/em><br><em>et stabilit\u00e9 de fouille<\/em><\/p>\n\n\n\n<figure class=\"wp-block-image size-large\"><img loading=\"lazy\" decoding=\"async\" width=\"1024\" height=\"14\" src=\"https:\/\/drgr.ch\/wp-content\/uploads\/2020\/11\/separateur-1024x14.jpg\" alt=\"\" class=\"wp-image-342\" srcset=\"https:\/\/drgr.ch\/wp-content\/uploads\/2020\/11\/separateur-1024x14.jpg 1024w, https:\/\/drgr.ch\/wp-content\/uploads\/2020\/11\/separateur-300x4.jpg 300w, https:\/\/drgr.ch\/wp-content\/uploads\/2020\/11\/separateur-768x10.jpg 768w, https:\/\/drgr.ch\/wp-content\/uploads\/2020\/11\/separateur-1536x20.jpg 1536w, https:\/\/drgr.ch\/wp-content\/uploads\/2020\/11\/separateur-2048x27.jpg 2048w\" sizes=\"auto, (max-width: 1024px) 100vw, 1024px\" \/><\/figure>\n\n\n<div class=\"wp-block-image\">\n<figure class=\"aligncenter size-large\"><img loading=\"lazy\" decoding=\"async\" width=\"564\" height=\"588\" src=\"https:\/\/drgr.ch\/wp-content\/uploads\/2020\/11\/grue1.jpg\" alt=\"\" class=\"wp-image-433\" srcset=\"https:\/\/drgr.ch\/wp-content\/uploads\/2020\/11\/grue1.jpg 564w, https:\/\/drgr.ch\/wp-content\/uploads\/2020\/11\/grue1-288x300.jpg 288w\" sizes=\"auto, (max-width: 564px) 100vw, 564px\" \/><\/figure>\n<\/div>\n\n\n<p class=\"has-text-align-center wp-block-paragraph\">AF20-0108 : <em>Conception des fondations de la grue pour le chantier<\/em><\/p>\n","protected":false},"excerpt":{"rendered":"<p>AF20-0103 : Dimensionnement des fondation des grues et de la centrale \u00e0 b\u00e9ton avec dimensionnement des socles AF17-0060 : R\u00e9alisation d\u2019une excavation de 10 m\u00e8tres par paliers avec des marches en terrain renforc\u00e9 (avec du ciment) au lieu d\u2019une grande&hellip; <a href=\"https:\/\/drgr.ch\/?page_id=313\" class=\"more-link\">Continuer la lecture <span class=\"meta-nav\">&rarr;<\/span><\/a><\/p>\n","protected":false},"author":1,"featured_media":0,"parent":0,"menu_order":0,"comment_status":"closed","ping_status":"closed","template":"","meta":{"footnotes":""},"class_list":["post-313","page","type-page","status-publish","hentry"],"_links":{"self":[{"href":"https:\/\/drgr.ch\/index.php?rest_route=\/wp\/v2\/pages\/313","targetHints":{"allow":["GET"]}}],"collection":[{"href":"https:\/\/drgr.ch\/index.php?rest_route=\/wp\/v2\/pages"}],"about":[{"href":"https:\/\/drgr.ch\/index.php?rest_route=\/wp\/v2\/types\/page"}],"author":[{"embeddable":true,"href":"https:\/\/drgr.ch\/index.php?rest_route=\/wp\/v2\/users\/1"}],"replies":[{"embeddable":true,"href":"https:\/\/drgr.ch\/index.php?rest_route=%2Fwp%2Fv2%2Fcomments&post=313"}],"version-history":[{"count":12,"href":"https:\/\/drgr.ch\/index.php?rest_route=\/wp\/v2\/pages\/313\/revisions"}],"predecessor-version":[{"id":619,"href":"https:\/\/drgr.ch\/index.php?rest_route=\/wp\/v2\/pages\/313\/revisions\/619"}],"wp:attachment":[{"href":"https:\/\/drgr.ch\/index.php?rest_route=%2Fwp%2Fv2%2Fmedia&parent=313"}],"curies":[{"name":"wp","href":"https:\/\/api.w.org\/{rel}","templated":true}]}}

Géotechnique

<div class="wp-block-image">
<figure class="aligncenter size-large"><img loading="lazy" decoding="async" width="1024" height="683" src="https://drgr.ch/wp-content/uploads/2021/08/qoqa-1024x683.jpg" alt="" class="wp-image-559" srcset="https://drgr.ch/wp-content/uploads/2021/08/qoqa-1024x683.jpg 1024w, https://drgr.ch/wp-content/uploads/2021/08/qoqa-300x200.jpg 300w, https://drgr.ch/wp-content/uploads/2021/08/qoqa-768x512.jpg 768w, https://drgr.ch/wp-content/uploads/2021/08/qoqa.jpg 1200w" sizes="auto, (max-width: 1024px) 100vw, 1024px" /></figure>
</div>


<p class="has-text-align-center wp-block-paragraph"><em>AF20-0103 : Dimensionnement des fondation des grues et de la centrale à béton </em><br><em>avec dimensionnement des socles</em></p>



<figure class="wp-block-image size-large"><img loading="lazy" decoding="async" width="1024" height="14" src="https://drgr.ch/wp-content/uploads/2020/11/separateur-1024x14.jpg" alt="" class="wp-image-342" srcset="https://drgr.ch/wp-content/uploads/2020/11/separateur-1024x14.jpg 1024w, https://drgr.ch/wp-content/uploads/2020/11/separateur-300x4.jpg 300w, https://drgr.ch/wp-content/uploads/2020/11/separateur-768x10.jpg 768w, https://drgr.ch/wp-content/uploads/2020/11/separateur-1536x20.jpg 1536w, https://drgr.ch/wp-content/uploads/2020/11/separateur-2048x27.jpg 2048w" sizes="auto, (max-width: 1024px) 100vw, 1024px" /></figure>



<div class="wp-block-group"><div class="wp-block-group__inner-container is-layout-flow wp-block-group-is-layout-flow">
<figure class="wp-block-gallery has-nested-images columns-default is-cropped wp-block-gallery-1 is-layout-flex wp-block-gallery-is-layout-flex">
<figure class="wp-block-image size-large"><img loading="lazy" decoding="async" width="729" height="419" data-id="460" src="https://drgr.ch/wp-content/uploads/2020/11/Tuileries3-1.jpg" alt="" class="wp-image-460" srcset="https://drgr.ch/wp-content/uploads/2020/11/Tuileries3-1.jpg 729w, https://drgr.ch/wp-content/uploads/2020/11/Tuileries3-1-300x172.jpg 300w" sizes="auto, (max-width: 729px) 100vw, 729px" /></figure>



<figure class="wp-block-image size-large"><img loading="lazy" decoding="async" width="223" height="167" data-id="320" src="https://drgr.ch/wp-content/uploads/2020/11/geotechnique2.jpg" alt="" class="wp-image-320"/></figure>



<figure class="wp-block-image size-large"><img loading="lazy" decoding="async" width="223" height="167" data-id="321" src="https://drgr.ch/wp-content/uploads/2020/11/geotechnique3.jpg" alt="" class="wp-image-321"/></figure>



<figure class="wp-block-image size-large"><img loading="lazy" decoding="async" width="454" height="340" data-id="319" src="https://drgr.ch/wp-content/uploads/2020/11/geotechnique.jpg" alt="" class="wp-image-319" srcset="https://drgr.ch/wp-content/uploads/2020/11/geotechnique.jpg 454w, https://drgr.ch/wp-content/uploads/2020/11/geotechnique-300x225.jpg 300w" sizes="auto, (max-width: 454px) 100vw, 454px" /></figure>
</figure>
</div></div>



<p class="has-text-align-center wp-block-paragraph">AF17-0060 : <em>Réalisation d’une excavation de 10 mètres par paliers avec des marches en terrain renforcé (avec du ciment) au lieu d’une grande paroi ancrée en profitant d’une moraine sablo-graveleuse et </em><em>en réutilisant les matériaux en place</em></p>



<figure class="wp-block-image size-large"><img loading="lazy" decoding="async" width="1024" height="14" src="https://drgr.ch/wp-content/uploads/2020/11/separateur-1024x14.jpg" alt="" class="wp-image-342" srcset="https://drgr.ch/wp-content/uploads/2020/11/separateur-1024x14.jpg 1024w, https://drgr.ch/wp-content/uploads/2020/11/separateur-300x4.jpg 300w, https://drgr.ch/wp-content/uploads/2020/11/separateur-768x10.jpg 768w, https://drgr.ch/wp-content/uploads/2020/11/separateur-1536x20.jpg 1536w, https://drgr.ch/wp-content/uploads/2020/11/separateur-2048x27.jpg 2048w" sizes="auto, (max-width: 1024px) 100vw, 1024px" /></figure>


<div class="wp-block-image">
<figure class="aligncenter size-large"><img loading="lazy" decoding="async" width="904" height="423" src="https://drgr.ch/wp-content/uploads/2020/11/grue-1.jpg" alt="" class="wp-image-440" srcset="https://drgr.ch/wp-content/uploads/2020/11/grue-1.jpg 904w, https://drgr.ch/wp-content/uploads/2020/11/grue-1-300x140.jpg 300w, https://drgr.ch/wp-content/uploads/2020/11/grue-1-768x359.jpg 768w" sizes="auto, (max-width: 904px) 100vw, 904px" /></figure>
</div>


<p class="has-text-align-center wp-block-paragraph">AF20-0113 : <em>Analyse de fondation de grue, fondation de la centrale à béton </em><br><em>et stabilité de fouille</em></p>



<figure class="wp-block-image size-large"><img loading="lazy" decoding="async" width="1024" height="14" src="https://drgr.ch/wp-content/uploads/2020/11/separateur-1024x14.jpg" alt="" class="wp-image-342" srcset="https://drgr.ch/wp-content/uploads/2020/11/separateur-1024x14.jpg 1024w, https://drgr.ch/wp-content/uploads/2020/11/separateur-300x4.jpg 300w, https://drgr.ch/wp-content/uploads/2020/11/separateur-768x10.jpg 768w, https://drgr.ch/wp-content/uploads/2020/11/separateur-1536x20.jpg 1536w, https://drgr.ch/wp-content/uploads/2020/11/separateur-2048x27.jpg 2048w" sizes="auto, (max-width: 1024px) 100vw, 1024px" /></figure>


<div class="wp-block-image">
<figure class="aligncenter size-large"><img loading="lazy" decoding="async" width="564" height="588" src="https://drgr.ch/wp-content/uploads/2020/11/grue1.jpg" alt="" class="wp-image-433" srcset="https://drgr.ch/wp-content/uploads/2020/11/grue1.jpg 564w, https://drgr.ch/wp-content/uploads/2020/11/grue1-288x300.jpg 288w" sizes="auto, (max-width: 564px) 100vw, 564px" /></figure>
</div>


<p class="has-text-align-center wp-block-paragraph">AF20-0108 : <em>Conception des fondations de la grue pour le chantier</em></p>

<p>AF20-0103 : Dimensionnement des fondation des grues et de la centrale à béton avec dimensionnement des socles AF17-0060 : Réalisation d’une excavation de 10 mètres par paliers avec des marches en terrain renforcé (avec du ciment) au lieu d’une grande&hellip; <a href="https://drgr.ch/?page_id=313" class="more-link">Continuer la lecture <span class="meta-nav">&rarr;</span></a></p>
